5?
6
What is the hundred thousands digit of 3367637?
3
What is the units digit of 46017?
7
What is the millions digit of 20966300?
0
What is the hundred thousands digit of 13752200?
7
What is the units digit of 1182142?
2
What is the thousands digit of 396858?
6
What is the thousands digit of 4162508?
2
What is the tens digit of 1634805?
0
What is the hundreds digit of 13259582?
5
What is the tens digit of 106215?
1
What is the tens digit of 1942687?
8
What is the thousands digit of 16005012?
5
What is the tens digit of 3160947?
4
What is the hundreds digit of 308234?
2
What is the thousands digit of 1116667?
6
What is the hundreds digit of 4874765?
7
What is the tens digit of 23977417?
1
What is the tens digit of 31846641?
4
What is the ten millions digit of 14727665?
1
What is the hundreds digit of 1426134?
1
What is the hundred thousands digit of 1473982?
4
What is the thousands digit of 31777?
1
What is the thousands digit of 653901?
3
What is the millions digit of 2705857?
2
What is the units digit of 12297?
7
What is the ten thousands digit of 167334?
6
What is the hundreds digit of 456526?
5
What is the hundreds digit of 37735?
7
What is the hundreds digit of 2122662?
6
What is the ten thousands digit of 2724491?
2
What is the thousands digit of 2784495?
4
What is the tens digit of 5618587?
8
What is the hundreds digit of 144227?
2
What is the millions digit of 7002392?
7
What is the hundred thousands digit of 2268297?
2
What is the hundreds digit of 6528809?
8
What is the ten thousands digit of 132623?
3
What is the ten thousands digit of 11055750?
5
What is the tens digit of 7687?
8
What is the hundreds digit of 8686834?
8
What is the hundred thousands digit of 454682?
4
What is the thousands digit of 242896?
2
What is the thousands digit of 4027051?
7
What is the hundred thousands digit of 1653147?
6
What is the millions digit of 4816922?
4
What is the hundreds digit of 17420990?
9
What is the tens digit of 169601?
0
What is the hundred thousands digit of 250238?
2
What is the millions digit of 23339976?
3
What is the millions digit of 2910075?
2
What is the tens digit of 14704819?
1
What is the ten thousands digit of 15319508?
1
What is the tens digit of 752504?
0
What is the ten millions digit of 11875923?
1
What is the units digit of 574651?
1
What is the units digit of 1028825?
5
What is the hundred thousands digit of 259765?
2
What is the thousands digit of 466462?
6
What is the ten thousands digit of 320445?
2
What is the hundred thousands digit of 783256?
7
What is the thousands digit of 1514891?
4
What is the units digit of 250774?
4
What is the millions digit of 2323667?
2
What is the units digit of 747068?
8
What is the hundreds digit of 355707?
7
What is the hundreds digit of 16076?
0
What is the hundred thousands digit of 299120?
2
What is the hundred thousands digit of 2767716?
7
What is the ten thousands digit of 1727028?
2
What is the units digit of 1050602?
2
What is the units digit of 418160?
0
What is the tens digit of 2099476?
7
What is the hundreds digit of 1351505?
5
What is the millions digit of 10809031?
0
What is the thousands digit of 20378618?
8
What is the units digit of 324008?
8
What is the ten thousands digit of 10915652?
1
What is the millions digit of 3314262?
3
What is the hundreds digit of 1362368?
3
What is the tens digit of 13414828?
2
What is the thousands digit of 4433543?
3
What is the tens digit of 1790631?
3
What is the hundred thousands digit of 5806627?
8
What is the hundreds digit of 21416572?
5
What is the ten thousands digit of 6667524?
6
What is the hundreds digit of 3001424?
4
What is the units digit of 327173?
3
What is the thousands digit of 305913?
5
What is the hundreds digit of 494558?
5
What is the thousands digit of 828479?
8
What is the tens digit of 245894?
9
What is the ten thousands digit of 128737?
2
What is the hundred thousands digit of 726251?
7
What is the thousands digit of 205134?
5
What is the millions digit of 1558817?
1
What is the thousands digit of 679838?
9
What is the ten thousands digit of 3262145?
6
What is the thousands digit of 9004017?
4
What is the millions digit of 28450317?
8
What is the hundreds digit of 243199?
1
What is the hundreds digit of 1089818?
8
What is the ten thousands digit of 1205195?
0
What is the thousands digit of 21231402?
1
What is the thousands digit of 25546608?
6
What is the hundreds digit of 1670022?
0
What is the thousands digit of 587120?
7
What is the thousands digit of 289261?
9
What is the thousands digit of 139309?
9
What is the units digit of 18781212?
2
What is the hundred thousands digit of 6167475?
1
What is the ten thousands digit of 574215?
7
What is the units digit of 19030152?
2
What is the units digit of 10013531?
1
What is the tens digit of 124779?
7
What is the thousands digit of 299933?
9
What is the thousands digit of 7510401?
0
What is the tens digit of 13862484?
8
What is the tens digit of 1121940?
4
What is the tens digit of 14391969?
6
What is the millions digit of 7056631?
7
What is the hundred thousands digit of 143008?
1
What is the units digit of 262893?
3
What is the thousands digit of 2521069?
1
What is the millions digit of 5776231?
5
What is the ten thousands digit of 3800830?
0
What is the millions digit of 3421342?
3
What is the hundred thousands digit of 353480?
3
What is the millions digit of 1496136?
1
What is the units digit of 9533574?
4
What is the millions digit of 1113436?
1
What is the ten thousands digit of 333650?
3
What is the thousands digit of 6839396?
9
What is the hundred thousands digit of 16124023?
1
What is the ten thousands digit of 3592259?
9
What is the hundred thousands digit of 1327166?
3
What is the millions digit of 33737890?
3
What is the ten thousands digit of 13044849?
4
What is the ten thousands digit of 11629551?
2
What is the units digit of 485863?
3
What is the tens digit of 8955689?
8
What is the units digit of 7615619?
9
What is the hundred thousands digit of 443535?
4
What is the units digit of 1351147?
7
What is the thousands digit of 222033?
2
What is the ten thousands digit of 152744?
5
What is the tens digit of 8899?
9
What is the ten thousands digit of 10652791?
5
What is the tens digit of 122926?
2
What is the millions digit of 1055146?
1
What is the tens digit of 6682?
8
What is the tens digit of 272960?
6
What is the tens digit of 326019?
1
What is the tens digit of 5513141?
4
What is the units digit of 184629?
9
What is the thousands digit of 2273553?
3
What is the hundreds digit of 14864269?
2
What is the hundreds digit of 2979679?
6
What is the ten thousands digit of 445415?
4
What is the hundred thousands digit of 5649398?
6
What is the hundreds digit of 7644?
6
What is the units digit of 170790?
0
What is the ten thousands digit of 3876772?
7
What is the ten thousands digit of 5099530?
9
What is the tens digit of 529787?
8
What is the units digit of 13900029?
9
What is the tens digit of 340938?
3
What is the millions digit of 12333653?
2
What is the tens digit of 25893542?
4
What is the ten thousands digit of 2972701?
7
What is the hundreds digit of 5349234?
2
What is the hundred thousands digit of 1411054?
4
What is the units digit of 640686?
6
What is the hundreds digit of 1992440?
4
What is the ten millions digit of 11204375?
1
What is the tens digit of 1234207?
0
What is the hundred thousands digit of 6304581?
3
What is the ten millions digit of 23376475?
2
What is the hundreds digit of 1803351?
3
What is the thousands digit of 173465?
3
What is the tens digit of 124474?
7
What is the hundreds digit of 224389?
3
What is the thousands digit of 12181367?
1
What is the thousands digit of 3848?
3
What is the thousands digit of 1134840?
4
What is the millions digit of 10030346?
0
What is the hundred thousands digit of 23068933?
0
What is the millions digit of 23227532?
3
What is the hundreds digit of 3989666?
6
What is the tens digit of 4767423?
2
What is the tens digit of 2992605?
0
What is the units digit of 214636?
6
What is the millions digit of 1328145?
1
What is the ten thousands digit of 8909259?
0
What is the units digit of 244508?
8
What is the millions digit of 6131944?
6
What is the hundreds digit of 138270?
2
What is the hundreds digit